when -2*(-3)/g + 12 is divided by 6.
5
Let m(y) = y**2 + 6*y + 14. What is the remainder when 10 is divided by m(-4)?
4
Suppose 18 = 2*q - 4*u, 2*u = 5*q - 91 + 6. What is the remainder when 56 is divided by q?
18
Let a = 11 + -1. Let w(h) = 4*h + 4. Let d(j) = j**2 + 1. Let z(u) = d(u) + w(u). Calculate the remainder when z(-8) is divided by a.
7
Suppose -2*u - 2*x = -7*u + 4, -3*u + 4*x - 6 = 0. Suppose -4*l = -u*a - 28, 0*l - a + 13 = l. What is the remainder when 25 is divided by l?
7
Let a(d) be the second derivative of d**4/12 - 3*d**2/2 + 4*d. Let n = 29 - 13. What is the remainder when n is divided by a(-3)?
4
Let a = -13 + 21. What is the remainder when (-7)/((-10)/(-6) + -2) is divided by a?
5
Let r(j) = -j**3 - 8*j**2 - 8*j + 4. Calculate the remainder when 29 + 2/(1 + 0) is divided by r(-7).
9
Suppose 0 = 57*u - 62*u + 35. What is the remainder when 54 is divided by u?
5
Suppose 2*s - 18 - 2 = 0. Let h = -5 + 4. Let q = 30 + h. What is the remainder when q is divided by s?
9
Let r(b) = b + 16. Let g be r(-11). Let j = g - 2. Calculate the remainder when 4 is divided by j.
1
Suppose 0 = 2*l - 0*l - 8. Let m = 2 + 1. Let g = m - 1. What is the remainder when l is divided by g?
0
Let l(w) = w**3 - 4*w**2 + 3*w - 3. Let u(p) = -p**2 + 10*p - 12. Let f be u(8). What is the remainder when 34 is divided by l(f)?
7
Let q(r) = -r**3 - 9*r**2 + 6*r + 14. Calculate the remainder when q(-10) is divided by 11.
10
Let g = -1 + 11. Calculate the remainder when 18 is divided by g.
8
What is the remainder when 8 is divided by 1/7 + 540/189?
2
Let k = 0 - 2. Let d(q) = -3*q + 3. Calculate the remainder when 35 is divided by d(k).
8
Suppose -5*y + 1 = -99. Let j = 147 + -88. Calculate the remainder when j is divided by y.
19
Let i(w) = -w**3 - 9*w**2 - 7*w - 1. Let f be i(-8). Let r(l) = l**2 + 8*l + 1. Let q be r(f). Calculate the remainder when 40 is divided by q/5 - 24/(-2).
12
Let m(k) be the second derivative of -5*k**3/2 - k**2 + 2*k. Suppose 0*t = -2*a - t - 12, 2*t = 2*a + 6. Calculate the remainder when m(a) is divided by 25.
23
Suppose -60 - 8 = 4*a. Let q = 47 + a. Calculate the remainder when 58 is divided by q.
28
Suppose 2*d = 5*h + d - 76, 3*h + d = 52. What is the remainder when 60 is divided by h?
12
Let z = -10 - -16. Suppose -k + 2*k = z. What is the remainder when 16 is divided by k?
4
Calculate the remainder when (40 + 3)*1 + 4 is divided by 13.
8
Suppose 4*m + 66 = 7*m. Calculate the remainder when 107 is divided by m.
19
Let l(b) = 2*b**3 - 5*b**2 + 4*b - 5. What is the remainder when 206 is divided by l(3)?
14
Let f(g) = -g**2 + 6*g + 7. Let v be f(7). Let j be (4/2 - v) + 0. Suppose 0*a + j*a = 34. Calculate the remainder when 32 is divided by a.
15
Let f(j) = -7*j**3 - 2*j**2. Calculate the remainder when f(-2) is divided by 17.
14
Suppose -3*a = 2*j - 0*a - 19, -2*a + 4 = -3*j. Let k be (3 - 5) + 1 + -1. What is the remainder when (k/3)/(2/(-9)) is divided by j?
1
Let w(r) = 2*r**2 - 3*r - 2. Suppose 14*l = -7*l + 378. Calculate the remainder when l is divided by w(3).
4
Let x(z) = z**3 + 11*z**2 + 9*z + 1. Calculate the remainder when (147/35)/((-2)/(-20)) is divided by x(-10).
9
Let i = -28 - -61. What is the remainder when i is divided by 12?
9
Calculate the remainder when ((-21)/(-3) - -4)*1 is divided by (10 + -1)*8/24.
2
Suppose -z = -0*z - 10. Suppose 66 = 4*t + z. Calculate the remainder when t is divided by 8.
6
Calculate the remainder when -3 + -47*(-2 + 1) is divided by 23.
21
Let k be 9/((-6)/2) - -6. Let f = k - 1. Let q = -4 + 7. What is the remainder when q is divided by f?
1
Suppose -i + 8 = -x, 20 = -3*x - i - 0*i. Let o = x - -11. What is the remainder when 7 is divided by o?
3
Let p = 10 - -5. Calculate the remainder when p is divided by 9.
6
Suppose 13*o + 12 = 454. Calculate the remainder when 66 is divided by o.
32
Suppose 5*n - 2 = 43. Calculate the remainder when 134 is divided by n.
8
Let v = 588 - 562. Suppose c = 3*z + 86, -c = -2*c - z + 74. What is the remainder when c is divided by v?
25
What is the remainder when ((-112)/(-10))/(-1 + 22/20) is divided by 29?
25
Let n = 6 + -7. Suppose -2*y - 12 = -70. Calculate the remainder when y is divided by 12 - (4 + n + -1).
9
Let x(a) = -2*a**2 + 30*a + 17. What is the remainder when 48 is divided by x(15)?
14
Suppose -5*x + 0*v + v = -7, 12 = 4*v. Suppose -429 = -5*s + s - i, -218 = -x*s - 4*i. Calculate the remainder when s is divided by 36.
35
Let n(u) = -u**3 + 2*u**2 + 2*u + 27. What is the remainder when n(0) is divided by 7?
6
Suppose 2*n + 4*g + 16 = -0*n, -3*n = -5*g - 31. Suppose -2*w + w + n = 0. What is the remainder when w is divided by (3/2)/(9/12)?
0
What is the remainder when 396/10 + (-24)/40 is divided by 16?
7
Suppose -z - 2 + 4 = 0. Suppose 40 = z*l + 3*l + 4*d, -3*l = -d - 41. Calculate the remainder when 23 is divided by l.
11
Suppose 3*j + 9 = -15. Let g(v) = v**3 + 10*v**2 + 12*v + 10. Let b be g(j). Let z = -30 + b. Calculate the remainder when z is divided by 7.
5
Let q = 26 - 21. Suppose -67 = -5*d + 203. Suppose -101 - d = -q*u. What is the remainder when u is divided by 16?
15
Suppose 7 + 9 = p. What is the remainder when 43 is divided by p?
11
Let c = 20 - 14. Suppose 1 = b, 5*w + b + 30 - 201 = 0. Suppose y - q - w = -y, y = -3*q + 10. Calculate the remainder when y is divided by c.
4
Suppose s - 2*s = 4*i - 296, 0 = -2*s. What is the remainder when i is divided by 15?
14
Let j = 8 - 2. Suppose -2*r = -4*v - 20, 4*r - j*r - 15 = 3*v. Suppose -i + 67 - 6 = r. What is the remainder when i is divided by 16?
13
Suppose 0 = -4*h, 4*h + 4 + 76 = 4*b. Suppose -25 = -2*s + 53. Calculate the remainder when s is divided by b.
19
Let v(g) = 8*g**2 + g + 1. Let k(r) = r**3 + 7*r**2 + 4*r - 6. Let y be k(-6). Calculate the remainder when v(-1) is divided by ((-25)/15)/((-2)/y).
3
Suppose 3*p - 3*c = -c + 12, -2*c + 18 = 2*p. What is the remainder when 2/9 - 194/(-18) is divided by p?
5
Let q be -9*(-2)/(2 + 0). Let c = q + -6. Suppose -2*p + c*u = -30, 2*p - 4*u - 30 = -2*u. Calculate the remainder when p is divided by 4.
3
Suppose -j - 72 = -3*c, -5*c + 3*j = -0*j - 120. Let k = 2 + c. What is the remainder when k is divided by 10?
6
Let n(w) = -2*w - 2. Let u(b) = -6*b**3 + b. Let x be u(1). What is the remainder when n(x) is divided by -1*3*(2 - 3)?
2
Let g(s) = -12*s - 7. Let v(z) = 35*z + 20. Let t(n) = -11*g(n) - 4*v(n). What is the remainder when t(-6) is divided by 23?
22
Calculate the remainder when 1 + ((-1108)/2)/(-2) is divided by 56.
54
Calculate the remainder when (-435)/(-10) - (-3)/6 is divided by 10.
4
Let k(w) = -w**2 - 5*w - 1 + 2 + 4. Let v be k(-6). Calculate the remainder when (-1 - 0/v) + 33 is divided by 11.
10
Suppose m + 1 = -3, -3*y + 3*m + 39 = 0. Suppose -f = 11*q - 9*q - 6, 4*q = 2*f - 4. Calculate the remainder when y is divided by f.
1
Calculate the remainder when 89/5 + (-12)/15 is divided by 11.
6
Let j = 44 + -12. What is the remainder when 58 is divided by j?
26
Suppose -5 - 1 = -3*c. Suppose -12 = -5*m + m. Calculate the remainder when c is divided by (-5 + 2)*(-1)/m.
0
Let t(w) = -25*w**3 - 3*w**3 + 3*w - 1 - 5*w. Calculate the remainder when t(-1) is divided by (-1 + -14)/(3/(-2)).
9
Suppose 3*f - 7 = -1. Let q(y) = y + 4. What is the remainder when q(0) is divided by f?
0
Suppose 18 = 6*c - 36. What is the remainder when c is divided by 5?
4
Let n = -11 + 15. Suppose -7 = n*a - 55. Calculate the remainder when 22 is divided by a.
10
Let x be (7 + -5)/(2/(-33)). Let z = -16 - x. What is the remainder when 33 is divided by z?
16
Let l(v) = 6*v**3 - 2*v**2 + 2*v + 4. Let s(h) = h**3 + h + 1. Let q(i) = -l(i) + 5*s(i). Calculate the remainder when q(-4) is divided by 22.
19
Let u = -5 + 7. Suppose -u*o + 33 = -9. Calculate the remainder when o is divided by 11.
10
Let y(d) = -d**3 + 5*d**2 + 3*d - 6. Let f = -2 + 19. What is the remainder when f is divided by y(5)?
8
Let j be 82 + (2 - (1 + -1)). Suppose -4*c - j = -8*c. Let n(u) = -u + 41. Calculate the remainder when n(0) is divided by c.
20
Suppose 4 + 0 = 5*q + 2*h, 4*h + 18 = 3*q. Let j(f) = -1 + q + f + 0 - 4. Calculate the remainder when 2 is divided by j(4).
0
Let f(q) = 2*q**2 + 7*q - 20. What is the remainder when f(-11) is divided by 